*c - 2*c**2 + 3*c**d. What is x(t)?
-4
Let i(n) be the second derivative of -n**3/6 - 2*n**2 - n. Suppose 3*d - m - m + 16 = 0, -3*m - 2 = 2*d. Determine i(d).
0
Let o be (-1 + 6/9)/(2/18). Let v(g) = -g**3 - 4*g**2 - g + 2. Calculate v(o).
-4
Let r(c) be the first derivative of -c**2/2 - 9*c - 1. Let x be 2 - 4/(-3)*36/(-8). What is r(x)?
-5
Let m(k) = k + 13. Let i = 12 - 20. Determine m(i).
5
Let p(j) = -j**3 - 5*j**2 - 5*j - 4. Let q be (-3)/4*(-11)/(55/(-20)). Calculate p(q).
-7
Suppose -5*m - 29 = -9. Let c = m + 6. Let a(b) = -2 + 2*b + 3 + 0 + b**c. Give a(-1).
0
Let j be -1 + 3 + -1 + -1. Let d(g) = -g + 1. Let f(k) = 2*k - 2. Let x(o) = d(o) + f(o). Let w(l) = l**2 + 3*l + 1. Let c(n) = -w(n) + 2*x(n). What is c(j)?
-3
Suppose -2*c - 9 = -3*f - c, -4*f = 2*c - 12. Let y be 18/4*76/57. Let w(j) = -2*j + j - 4*j + y - f. What is w(2)?
-7
Let z(w) = w**3 + w**2 + w + 1. Let p(q) = 2*q**3 - 3*q**2 - 4*q + 5. Let y(x) = p(x) - z(x). Give y(5).
4
Suppose -7 = -3*a + 5. Let u(p) = -p**2 + 3*p + 2. Determine u(a).
-2
Let a(w) = w**2 - 6*w. Let p be a(5). Let v(h) be the second derivative of -h**5/20 - 5*h**4/12 + h**3/3 - 2*h**2 + 84*h. Calculate v(p).
-14
Let p = -59 + 64. Let b(s) = -s**2 + 3*s + 3. What is b(p)?
-7
Let d(w) = 45 - 14*w**2 + 15*w**2 + 5*w - 41. Calculate d(-3).
-2
Let v(d) be the second derivative of d**4/12 + 5*d**3/6 - 3*d**2 - d. Let s(c) = c**2 + 12*c + 14. Let x be s(-10). Calculate v(x).
0
Let l = -41 + 36. Let g(r) = r**2 + 3*r - 4. Calculate g(l).
6
Let w(j) = -j. Let g(h) = 8*h**2 + 7*h - 1. Let q = 12 + -17. Suppose -3*i - 1 - 14 = 4*r, 4 = -i - r. Let m(p) = i*g(p) + q*w(p). Give m(1).
-9
Let x(q) = -13*q + 1. Let u = 10 - 5. Suppose -2*t + u = 3. What is x(t)?
-12
Let v(f) = -2 - f**2 - 3 + 2. Let k be (0 - 1/(-3))*6. Suppose -4*u = -k*u. Give v(u).
-3
Suppose -11 = -5*y - 2*c, 5*y - c + 4 = 2*c. Let s(g) = -y + 20*g - 22*g + 0. Calculate s(-2).
3
Let d be 4*(3/(-4))/(-1). Let u(g) be the first derivative of -g**4/4 + 5*g**3/3 - 5*g**2/2 + 3*g + 35. Calculate u(d).
6
Let k(p) = 6*p - p**2 - 7 + 3 - 5*p. Let o = 9 + -9. Determine k(o).
-4
Let h(t) be the second derivative of t**8/6720 - t**7/840 - t**6/180 + t**5/30 + t**4/6 - 3*t. Let j(r) be the third derivative of h(r). Calculate j(4).
4
Let b(m) = m**2 - 2*m**2 + 73*m - 33*m + 3 - 35*m. Let c(n) = n**3 - 2*n**2 - n. Let g be c(-1). Let l be ((-6)/g)/((-6)/(-8)). Calculate b(l).
7
Let n(m) = -9*m. Suppose -6 = z - 1. Let a be (-13)/z - (-6)/15. Suppose 0 = -a*i - 5*p + 33 - 5, -4*i = -2*p + 6. Calculate n(i).
-9
Let q(c) = 3*c - 8. Let r = 32 - 26. Calculate q(r).
10
Let n(r) = -r - 5. Let x = -7 + 9. Let a be x/(-10) - (-12)/(-15). Let s be ((6 - 3) + -3)*a. Calculate n(s).
-5
Let h = 7 + -3. Let a = 51 + -48. Let r = h - a. Let q(o) = 2*o**2 - o + 1. Give q(r).
2
Suppose -8*d - 40 = -3*o - 3*d, -5 = 4*o + 5*d. Suppose -3*z + o = 2*z. Let k(j) be the first derivative of -4*j**3/3 + j**2/2 - j + 1. Calculate k(z).
-4
Let c(i) be the third derivative of -1/12*i**4 + 0*i - i**2 + 1/2*i**3 + 0. Give c(3).
-3
Let v(l) = 12*l - 6*l - 7 - 7*l. What is v(-5)?
-2
Let j be (6 - 1)*(-24)/(-30). Let c(i) = -3*i**2 - 1 + 0*i + j*i**2 - 4*i. Calculate c(3).
-4
Let d(j) be the second derivative of 2*j**3/3 - j**2/2 + 5*j. What is d(1)?
3
Suppose -4*a = -3*a - 2. Let n(v) = -6*v - 1 - v + v**2 + 0*v + a*v. What is n(5)?
-1
Let y(p) be the third derivative of -p**6/120 + p**5/60 - 5*p**3/6 - p**2. Let t = -48 + 48. Give y(t).
-5
Let j(u) = -u**3 - u**2 - u - 9. Suppose 2*r = 5*p + 26, r + 3*r + 4*p - 24 = 0. Let z = 12 - r. Suppose 3*h = z*h + 3*c + 12, 0 = 2*h + c + 4. Calculate j(h).
-9
Let r(c) = c**3 + 8*c**2 + 6*c - 5. Let s be ((-7)/3)/((-1)/(-3)). Give r(s).
2
Let r(l) = l - 4. Suppose -3*k + 16 = 7. Let n = k - 3. What is r(n)?
-4
Suppose 5*f - 6 = -3*n, -f + 2*f - 5*n = 18. Let z(h) = -3 + f*h + 0 + 3*h**2 - 2*h**2 - 4*h**2. Calculate z(2).
-9
Let j(n) = n**3 - 7*n**2 - n + 9. Let c be j(7). Let a(g) be the third derivative of 1/6*g**4 - c*g**2 + 1/30*g**5 + 0 + 1/3*g**3 + 0*g. Calculate a(-2).
2
Let x = 11 + -5. Let m(n) = n - 3. Determine m(x).
3
Let d(p) be the second derivative of -p**5/20 + p**4/6 + p**3/3 + p**2 - p. Let j = 1 + -2. Let u be (1 - 4)*(0 + j). Calculate d(u).
-1
Let b(q) = -2*q**3 + 3*q**2 + 4*q. Suppose -3*c + 34 = 25. What is b(c)?
-15
Suppose -g + 2*i - 12 = 0, -1 = g + i - 4. Let l(d) = -d**3 - 5*d**2 + 2*d - 2. Let c(j) = -3*j**3 - 11*j**2 + 5*j - 4. Let h(z) = g*c(z) + 5*l(z). Give h(3).
-2
Let b be (1 + 0)*4/(-1). Let g(y) = 5*y**3 - 4*y**3 + 3*y**2 - 2*y + y**2 + 3*y. Give g(b).
-4
Let f(y) = y**2 - y - 1. Let c(w) = -5*w**2 + 9*w + 1. Let u(r) = -c(r) - 6*f(r). Give u(-4).
1
Suppose 2*u + 2*u = 16. Let w(t) = t**3 - 3*t**2 - 6*t + 4. What is w(u)?
-4
Suppose -k - k = 2. Let i(r) = 5*r. What is i(k)?
-5
Let z(s) = -s + 14. Let i be z(6). Suppose 2*v - 4 + i = 0. Let u = -3 - v. Let r(f) = -f**2. What is r(u)?
-1
Let g(l) = -l - 3. Suppose 2*t + 3 + 3 = 0. Calculate g(t).
0
Let b(l) = -2 + l - 1 + 5. Suppose -3*k - 4*i + 11 = 37, 5*k - 10 = 4*i. What is b(k)?
0
Let a(p) be the third derivative of -p**5/60 - p**4/24 + p**3/6 + 30*p**2. Determine a(2).
-5
Let j(y) = -3*y**2 + 4*y + 6. Let f(n) = 13*n**2 - 15*n - 24. Let g(t) = -2*f(t) - 9*j(t). What is g(6)?
-6
Let l(d) = -2*d - 1. Suppose -6 = -y - 5. Let m be (y - (-3)/2)*-2. Calculate l(m).
9
Let y(p) = 7*p - 1. Suppose u - 10 + 7 = 0. Suppose -u*g + 0*g - 3 = 0. Give y(g).
-8
Let i(m) = m**3 + 4*m**2 + 3*m + 1. Suppose 3*n - 2*n = -2. Let y = n + 0. What is i(y)?
3
Suppose -a - 4 = -3*a. Let l(t) = -t + 2. Let y be l(a). Let k(b) = -1 - 1 - 1 + 10 - b**2 + b. Calculate k(y).
7
Let q(i) = -7*i + 2. Let x(h) = 8*h - 2. Let g(y) = -3*q(y) - 2*x(y). Determine g(-2).
-12
Let z be (1 + 0)*(4 + -1). Suppose p + p = q + 11, p - 2*q = 13. Let x(r) = 4*r + r + r**2 - p*r - 2 - 3*r. Determine x(z).
4
Let b be (-99)/21 - (-4)/(-14). Let w = 7 + b. Let o(j) = 5*j**w + 3*j - j - j. Determine o(1).
6
Let w(i) = -i**2 + 5*i + 3. Let k(s) = -s + 9. Let j = 8 - 1. Let g be k(j). Suppose 2*n - 12 = -g. Calculate w(n).
3
Let f be ((-1)/(-3))/(1/21). Let s be ((-2)/3)/(2/(-33)). Let g = s - f. Let h(b) = 2*b - 4. What is h(g)?
4
Let y(q) = -3*q**3 + 2*q**2 - 2*q + 1. Let w(z) = z**2 + 5*z. Let g be w(-4). Let c = g + 5. Let i be y(c). Let l(o) = -3*o - 1. Calculate l(i).
5
Let q(b) = -b**3 + 7*b**2 - 6. Let n be q(7). Let g(m) = m**3 + 6*m**2 + m + 1. Calculate g(n).
-5
Let y(m) be the third derivative of m**6/120 - m**5/20 - m**4/8 - m**3/3 - 2*m**2. Let r(w) = -w**3 - 23*w**2 - 22*w + 3. Let a be r(-22). What is y(a)?
-11
Suppose -4*z + 24 - 4 = 0. Let h(k) = k**3 - 4*k**2 - 4*k + 1. Let j(p) = -2*p**3 + 8*p**2 + 7*p - 1. Let n(d) = -5*h(d) - 2*j(d). Give n(z).
2
Let u(v) = -v - 5. Let i be u(-3). Let k be (i + 3)*(7 + 0). Let h = 10 - k. Let l(c) = -2*c**2 + 3*c + 4. Give l(h).
-5
Let y(o) be the second derivative of o**4/12 - 11*o**3/6 + 5*o**2 - 4*o. Determine y(7).
-18
Let u(x) = 6*x**2 + x - 2. Let i(b) = 23*b**2 + 4*b - 9. Let m(t) = 2*i(t) - 9*u(t). Calculate m(-1).
-7
Let n(l) = -l + 7. Let d be ((-3)/(-1) + -2)*0. Give n(d).
7
Let m(d) = -7*d. Let s(z) = 5*z + 2*z - 3*z. Let l(a) = -3*m(a) - 5*s(a). Give l(3).
3
Let s(b) be the second derivative of -1/6*b**3 + 3/2*b**2 + 3*b + 0. Determine s(3).
0
Let u(b) = b - 2. Let f(k) = k**3 + k**2 + 2. Let v = 4 + -6. Let l = v - 0. Let i be f(l). Give u(i).
-4
Let a(z) = -z**2 + 3*z - 8. Let h be (-156)/(-104) + 18/4 + 0. Calculate a(h).
-26
Let y(o) be the second derivative of -o**3/2 + o. Suppose 2*l = 5*l - 15. Suppose i + 17 = 4*v, 0*i = -i - l. Calculate y(v).
-9
Let p be (4 + -2)*(-1)/2. Let b(j) = -1. Let s(y) = -y - 2. Let v(c) = -3*b(c) + s(c). Calculate v(p).
2
Let n(o) = -4*o**3 + 4*o + 6. Let s(r) = -5*r**3 - r**2 + 5*r + 7. Let h(x) = -6*n(x) + 5*s(x). Calculate h(-5).
-6
Suppose -4 = 3*w + 2*c - 5, -5*w + 5*c = -10. Let p(o) = 9*o - 1. What is p(w)?
8
Let p(a) = a**3 + 6*a**2 - 8*a - 6. Let w = -13 - -6. Determine p(w).
1
Let l(c) = c + 1. Suppose -4*h - 5*w + 21 = 0, 2*h + 3*w - 19 = -2*h. What is l(h)?
5
Let r(g) = g - 5 - 3 - 20 - 4. Calculate r(0).
-32
Suppose -m = -2*m + 6. Suppose b = 3*b - m. Let p(w) = -w. Give p(b).
-3
Let c = 